3 + y. Let c = 4 + -1. Suppose 3*q = -12, -7*q - 26 = -c*s - 2*q. Determine u(s).
8
Let y(h) = 5*h - 3 + 2 - 11*h**2 - 15*h - 5628*h**3 - 6 + 5627*h**3. Give y(-10).
-7
Let k(p) = -p**3 + 8*p**2 + 4*p - 20. Let g be k(8). Let a(y) = y**3 - 12*y**2 - 5. Give a(g).
-5
Let p be (-16)/2 + 7 - 4. Let d(s) = -s**3 - 4*s**2 + s + 6. What is d(p)?
26
Let p(s) = -2*s + 1. Let a(m) = 2*m - 2. Suppose -d = 3*d - 12. Suppose d*i = -i + 16. Let c(g) = i*a(g) + 5*p(g). Calculate c(-5).
7
Let o(s) = -1 + 63*s**3 - 6*s**2 - 31*s**3 - 33*s**3 + s. Calculate o(-6).
-7
Let r = -44 + 46. Suppose 0 = -b + r*m + 1, 7*b - 6*b = -5*m - 27. Let g(c) = c + 10. Calculate g(b).
3
Let t(k) = -k**3 + 12*k**2 + 16*k - 35. Let m be t(13). Let c(j) = j**2 - 7*j + 18. Calculate c(m).
6
Let z(u) = -4*u + u + 2*u - 92641 + 92629. Give z(-7).
-5
Let a(y) = -5*y**2 + 23*y - 22. Let t(o) = -2*o**2 + 9*o - 8. Let m(x) = 3*a(x) - 8*t(x). Give m(6).
16
Suppose 3*n + 5 + 4 = 0. Let w(z) = -7*z**2 - 4*z - 3*z**2 - 1846 + z + 9*z**2 + 1842. Determine w(n).
-4
Let s(i) = 2*i**3 + i - 1. Let l(d) = -12*d**3 + 4*d**2 - 6*d + 4. Let h(w) = -l(w) - 5*s(w). What is h(3)?
22
Let h(y) = y**2 - y. Let j(n) = 3*n**2 - 3*n - 1. Let w(q) = -4*h(q) + j(q). Let v(z) = -z**3 + 4*z**2 - 4*z - 5. Let f(i) = -v(i) - 4*w(i). Determine f(0).
9
Let n be -24*(-20)/45 - (-12)/9. Let k be 38/(-6) - (-16)/n. Let c(r) be the first derivative of -r**4/4 - 5*r**3/3 - 2*r - 2. Calculate c(k).
-2
Let b(w) = 4 - 1 - 8*w - 1 + 9*w. Let n be 6/(-10) + (-17)/5. Give b(n).
-2
Let l(h) be the first derivative of -h**3/3 - 8*h**2 - 14*h - 10. Let n(u) = u**2 + 15*u + 13. Let z(a) = 2*l(a) + 3*n(a). Give z(-9).
-25
Let a(p) be the third derivative of -16*p**2 - p**3 + 0 + 1/6*p**4 + 0*p. Give a(4).
10
Let m(d) = -2*d**2 + 5*d - 3. Let l(f) = 3*f + 0*f + 5*f**2 + 3*f**2 - 9*f**2 - 1. Let a(s) = 7*l(s) - 3*m(s). What is a(8)?
-14
Let c(u) = -3 - 5*u**2 + 5*u**2 - 2*u + 2*u**2. Give c(-2).
9
Let q(h) = -17*h + 5. Let c(l) = -11*l + 6. Let i(r) = -3*c(r) + 2*q(r). What is i(-9)?
1
Let x(s) = 2*s - 3737*s**2 - 4*s + 3736*s**2 + 0*s. What is x(-4)?
-8
Let t(w) be the second derivative of -3*w**3/2 - w**2 + 548*w. Determine t(-2).
16
Let r(j) = 7*j**3 + j**2 + j. Suppose 5*u = -5*z + 10, 25*z - 4*u = 23*z - 14. What is r(z)?
-7
Let h(r) = -r**3 - 8*r**2 + 3*r + 11. Let m(z) = -2*z**2 + 3*z - 8. Let p be m(0). Determine h(p).
-13
Suppose -6*f + 10*f + 30 = -2*n, 0 = -5*f - 5*n - 50. Let y(g) be the first derivative of g**3/3 + 3*g**2/2 - 2*g - 1. Calculate y(f).
8
Let a(z) = z**2 - 4*z - 4. Let d be a(-2). Suppose 0 = -4*o + 4*j - 4, 2*o + d = j + 3*j. Suppose o = -5*x + 12. Let l(n) = -2*n - 2. Determine l(x).
-6
Let l(f) = f**2 + 1. Let i(d) = 2*d**2 + 2. Let c(v) = -i(v) + 3*l(v). Let g(k) = k**2 + 8*k - 4. Let o(p) = -2*c(p) + g(p). What is o(7)?
1
Let b(h) = 0*h + 5*h - 10*h + 6*h - 3*h - 3. What is b(-8)?
13
Let j(f) = -3 + 8*f**2 + 3*f + 4*f**3 - 5*f**3 - 4*f. What is j(8)?
-11
Let u(w) be the second derivative of 1/2*w**4 - 9 + 5/6*w**3 + 2*w - 1/20*w**5 + 9/2*w**2. What is u(7)?
-5
Let a(i) = 11*i**2. Suppose -16 = -2*y - 3*j - 3, 4*j = -2*y + 14. Suppose -y*h - r = -4*r + 6, -3*h = -5*r + 10. Suppose 5 = 5*u - h*u. What is a(u)?
11
Let w be 3/2*(-8)/6. Let n be ((-2)/w)/(13/(-117)). Let b(q) = -q**3 - 9*q**2 - 8. Let g be b(n). Let o(r) = -r**2 - 6*r + 11. What is o(g)?
-5
Let p = -13 + 5. Let z be (-2)/3 + p/(-3). Let h(d) = -6 - d**3 - z*d + 2*d - 3*d + 2*d. Calculate h(0).
-6
Let x(g) = -g**2 - g + 7. Let t be x(0). Let k(n) = -83 + 85 + 5*n - 4*n. Give k(t).
9
Let b(m) = -249 + m**2 - 6*m + 115 + 130. Let n be ((-20)/(-12))/(3/9). What is b(n)?
-9
Let a(s) = s**2 - 12*s - 5. Let r(d) = d**3 + 19*d**2 - 21*d - 8. Let p be r(-20). Give a(p).
-5
Let t = -36 + 36. Let v(s) be the second derivative of s**4/12 - s**3/6 + 3*s**2 - s. Let i be v(t). Let w(f) = f - 12. What is w(i)?
-6
Let y(z) = 22*z**3 - 66*z**2 + 27*z + 55. Let i(p) = -5*p**3 + 16*p**2 - 7*p - 14. Let r(u) = 9*i(u) + 2*y(u). Determine r(11).
6
Let y(r) = 3*r - 1. Let h(i) = 7*i - 4. Let z(q) = -h(q) + 2*y(q). Let d(x) = -x**2 + x + 2. Let t be d(2). Give z(t).
2
Let b(l) be the second derivative of -l**5/10 - l**4/4 - l**3/6 + l**2 + 108*l. Give b(-2).
8
Let y(d) = 3*d - 3. Let p be (-1 - -3)*2/(-2). Suppose 2*g = -l + 12, g - 20 = -3*g - l. Let k = g + p. Give y(k).
3
Let b(c) = 3 + c - 4 + 0. Let p = 19 - 13. Let k(m) = -2*m + 2. Let s(u) = p*b(u) + 2*k(u). Calculate s(2).
2
Suppose 25 = -2*z + 5*t - 6*t, -2*z = -3*t + 21. Let k be (z/(-8))/(-3)*-6. Let d(v) = v**3 - 3*v**2 - v. What is d(k)?
-3
Let f(i) = -3*i**2 + i - 1. Let y = -8 + 13. Suppose 0 = y*j - 4 - 6. Suppose -2*o - 4 = -x - 3, j*o = 5*x - 13. Give f(o).
-3
Let r be (-1 - 10/(-4))*48/18. Suppose 0*t = r*t + 4. Let s(q) = -q**2 + 1. What is s(t)?
0
Let k(o) = -128*o - o**3 - 68 + 126*o + 69 - 2*o**2. What is k(-2)?
5
Suppose -6*i = -17*i + 88. Let p(x) = -6*x + 42. What is p(i)?
-6
Suppose -15 + 5 = 3*o + x, 5 = x. Let z(a) = -a**3 - 5*a**2 - 2*a - 5. What is z(o)?
5
Let o(t) = 2*t - 32. Let f(d) = d**3 + 6*d**2 - 21*d - 22. Let s be f(-8). Calculate o(s).
4
Suppose 0 = 2*z - 5*r - 37, -2*r + 44 = 11*z - 2*z. Suppose 1 = i - 1. Let p(f) = -f**i + 7*f - 3 - 3 + f. Determine p(z).
6
Let q be 6/6*(-1 + -7). Let m = 12 + q. Let y(w) = -w - w + m*w - w - w**2 - 12. Determine y(0).
-12
Let b(g) = -6*g**2 + 5*g**2 + 4 - 21*g - 14*g + 33*g. Suppose -3*i = -5*s - 8, 4 = -4*s + 3*i - 0*i. Give b(s).
-4
Let n be 4/1 - (0 - -9). Let u(q) = 7*q + 4. Let m(g) = -14*g - 7. Let o(f) = n*u(f) - 3*m(f). Give o(-1).
-6
Let x(s) = s**3 - s**2 + s + 1. Let r = -2 - -4. Suppose 5*z - r = -7. Give x(z).
-2
Let g(v) be the first derivative of -1/4*v**4 - 18*v + 8 - 19/3*v**3 - 19/2*v**2. Let t be g(-18). Let f(y) = y. What is f(t)?
0
Let s(x) = x**2 + 4*x - 2. Let j be (12/(-5))/((-8)/80). Let m = -1 + 5. Suppose -3*v = -m*f - 30, 4*f - 4*v + j + 8 = 0. Give s(f).
10
Let n(r) be the first derivative of r**4/4 - 4*r**3/3 - 5*r**2/2 - 5*r + 94. Calculate n(5).
-5
Suppose -85*d = -88*d - 15. Let c(x) = -x**2 - 8*x - 10. What is c(d)?
5
Let n(p) = -p**2 + 2*p - 1. Suppose 3*j - 4 = -43. Let a be 5*(2/(-3))/(1/3). Let l = a - j. Calculate n(l).
-4
Let y(m) = -6*m + 5. Let i(c) = 5*c - 5. Let a(g) = -5*i(g) - 4*y(g). Let b(z) = z**2 + 8 + 0*z**2 + 5*z + 2*z - 2*z**2. Let u be b(8). Give a(u).
5
Let c(l) be the second derivative of l**4/12 - l**2/2 - l. Let k = -2248 - -2249. Determine c(k).
0
Let l(i) = -i + 12. Let h be -20*-1*(14/8)/7. Suppose -2 = -u - h*f, -5*u - 4*f + f = -32. Give l(u).
5
Let j(m) = -5*m**2 - 3 + 6*m**2 + 2*m + 2*m**2. Give j(2).
13
Let n be (-96)/(-42) - 2/7. Let j be (3/(-2))/((-1)/n). Suppose j*x + 6 = x. Let p(g) = -g**2 - 5*g + 1. Determine p(x).
7
Suppose -b = -3*p + 9 - 7, 5*p = 2*b + 3. Let f(d) = 6*d + 6*d - 7*d. Calculate f(b).
5
Let a(y) = -17*y - 29. Let i be a(-2). Let z(j) = -5*j - i*j**3 + 9*j + 1 - 3*j. What is z(-1)?
5
Let j(y) be the first derivative of -4 + 1/2*y**2 + y - 4/3*y**3. Give j(-1).
-4
Let z(s) be the first derivative of -5*s**2/2 + 92*s - 492. What is z(19)?
-3
Let f(c) = 4*c**2 + 1. Suppose -14 = -2*q - 10. Let t(v) = v**2 - 2 + 0*v**q + 2. Let o(l) = f(l) - 5*t(l). Determine o(1).
0
Let f(h) = 53*h - 14. Let t(q) = 29*q - 7. Let y(l) = -4*f(l) + 7*t(l). Give y(3).
-20
Let f(n) = -7*n + 1. Let m(l) = 8*l + 45. Let y(g) = 12*g + 68. Let i(z) = 7*m(z) - 5*y(z). Let c be i(-6). What is f(c)?
8
Let i(z) = -z**2 - 21*z + 199. Let g be i(7). Let q(k) = 5*k - 1. Determine q(g).
14
Let x(k) = k**3 + 8*k**2 - k - 11. Suppose -17*p - r = -15*p + 16, 0 = -4*p + 5*r - 32. Give x(p).
-3
Let z(w) = -2*w + 11. Suppose j + 4 - 8 = 0. Suppose -5*v - j*d + 3*d + 42 = 0, 4*v - 26 = 3*d. Let m be z(v). Let k(o) = o**2 + 4*o - 7. Calculate k(m).
-2
Let q be -3*(-2)/18 - (-121)/33. Suppose -3*w = -5*b - 16, -2*b - q = -0. Let y(x) = 8*x - 2. Determine y(w).
14
Let i(a) = 3*a**3 + 10*a**2 - 2*a - 9. Let b(s) = 10*s**2 - 10 + s**2 - 3*s + s + 4*s**3. Let q(y) = 4*b(y) - 5*i(y). Suppose -65*z + 59*z = -30. What is q(z)?
-10
Let j(k) = k**3 + 416*k**2 + 2*k - 3 + 0 - 419*k**2. What is j(4)?
21
Let i(h) be the first derivative of h**4/2 - 2*h**3/3 + 9*h**2/2 + 35*h + 6. Let j(b) = -b**3 + b*